y + 2. Let f be o(-2). What is the units digit of (0 + -1)/(-1)*f?
8
Let j be ((-1 + 1)/(-3))/(-1). Suppose j = -5*b + 56 + 14. What is the units digit of 94/b - (-8)/28?
7
Let h = 40 - 16. Suppose l + 2*l = h. What is the units digit of l?
8
Let l(o) = -2*o - 1. Let j be (-1)/(-1) - (1 - 0). Let k = j + -2. What is the units digit of l(k)?
3
What is the units digit of (-1)/(-3) - 222/(-9)?
5
What is the units digit of 81*(20/(-15))/(-4)?
7
Let c = 70 + -38. What is the units digit of c?
2
Let w(v) = -3 - 23*v + 3*v - 11 + 4*v**2. Let u(s) = -s**2 + 7*s + 5. Let n(a) = -7*u(a) - 2*w(a). What is the units digit of n(-8)?
1
Suppose -2*y = o + 3, 5*o = 5*y + 18 + 12. What is the tens digit of 0 - -17 - o/1?
1
What is the tens digit of 78*(2/(-4) - 44/(-24))?
0
Suppose c + c - 18 = 0. What is the units digit of ((-3)/2)/(c/(-12))?
2
Let w(t) = -t**2 - 6*t + 5. Let b be w(-6). Suppose 2*h - h = b. What is the units digit of h?
5
Suppose 2*d - 72 = -0*d. Suppose 21*q = 25*q - d. What is the units digit of q?
9
Let v = 29 + 15. What is the tens digit of v?
4
Suppose -z - 3*g = 15, -g + 5*g = -20. Suppose 0 = -2*m - u - z*u + 24, 0 = -5*m + 3*u + 38. What is the tens digit of m?
1
Suppose 2*z = -2*z + 60. Let i = z + -6. What is the units digit of i?
9
Suppose 3 = -2*i - 3*z, 0*z + 3 = -3*z. What is the units digit of i + -3 + 7 + 4?
8
Suppose 5*r = r. Suppose -5*l + 3*j + 22 = r, -2*l - 3*j - j - 12 = 0. Suppose u - 21 = -l*u. What is the units digit of u?
7
Let q = 1 - -8. Let a = 2 + q. What is the units digit of a?
1
Suppose -2*c = s - 57 + 5, s + 4*c = 56. Suppose -5*z + s = 2*g, -2*z - 5*g - 25 = -4*z. What is the units digit of z?
0
Let b(q) = q + 6. Suppose -3*d + 54 = 6*y - 3*y, d = -2*y + 37. Let p = y + -13. What is the tens digit of b(p)?
1
What is the tens digit of ((-770)/(-7))/(2 + 0)?
5
Suppose -2*t = 2*n + 2, 5*t = -3*n + t - 8. Suppose -n*u - 8 = 8. Let z = -3 - u. What is the units digit of z?
1
Suppose -2*w = 3*f - 6 - 4, 2*f = 3*w + 24. Let v(y) be the third derivative of -y**4/24 + 7*y**3/6 - 6*y**2. What is the units digit of v(f)?
1
Let b be (-4)/3*3/2. Let s = b + 2. Suppose s = -3*f + 4 + 8. What is the units digit of f?
4
Let n(y) = -2*y**3 - 3*y**2 + y + 5. Let i(q) = q**2 - 1. Let l(a) = 5*i(a) + n(a). Let f be l(-1). What is the units digit of 11 + (-6)/9*f?
9
Suppose -a + 360 = 3*a. What is the tens digit of a?
9
Let s(k) = -k + 2. Let z be s(2). Suppose 39 = 3*i + 2*v, -4*i - i - 4*v + 65 = z. What is the tens digit of i?
1
Suppose -d = 2*a - 80, -2*a = 5*d - 15 - 49. Suppose 0 = -4*i - 5*v + a, i + 6*v - v = 3. What is the units digit of i?
3
Suppose 2*y - 7*y = 0. Suppose -2*a + k + 31 = y, 3*a + 0 = k + 44. What is the units digit of a?
3
Suppose -c + 4*z + 46 = 0, -2*z + 82 = 3*c - c. What is the units digit of c?
2
Let s = -6 - -8. What is the tens digit of 12 + s - (-1)/(-1)?
1
Suppose 5*a - 4*m = 172, -2*a + 4*a - 5*m - 79 = 0. What is the tens digit of a?
3
Let u be 0/(-3 + 1 - -3). What is the units digit of (-58)/(u - 6/3)?
9
Suppose m - 138 = 4*m. Let t = m - -83. What is the units digit of t?
7
Let p = 66 - 20. What is the units digit of p?
6
Let c(g) be the third derivative of g**5/60 + g**4/24 + 5*g**3/6 - 3*g**2. Let k be c(0). Let q(d) = d - 1. What is the units digit of q(k)?
4
Let g = -3 + 2. Let j = g + 9. What is the units digit of j?
8
Let o = 27 - 9. What is the units digit of o?
8
Let y(r) = -r**3 + 3*r**2 + 5*r + 1. Let k = -17 + 25. Let h be (k - 7)/(1/4). What is the units digit of y(h)?
5
What is the tens digit of 348/36 - (1 + 8/(-6))?
1
Let n(s) = 7*s**2 - 10*s - 1. What is the hundreds digit of n(7)?
2
Let i = -11 + 23. Suppose -f = f - 6. Suppose -6*u + i = -f*u. What is the units digit of u?
4
Let p be 3 - ((-1 - 1) + 3). Suppose 0 = -2*l + l + p. Suppose z - 2 = -u, 2*z - 14 = -5*u - l*z. What is the units digit of u?
6
What is the tens digit of 640/24 - (-4)/(-6)?
2
Suppose -4*s - 8 = 4*t, -4*s + 0*s + t + 12 = 0. Suppose -c = s*c - 165. Suppose -4*x + r + c = -4*r, 2*x - 4*r = 32. What is the tens digit of x?
1
Let y(l) = l**2 + 18*l - 38. What is the units digit of y(-23)?
7
Suppose -5*x + 69 = -2*y - 23, x + y - 24 = 0. What is the tens digit of x - (12/2)/3?
1
Suppose -b - 100 = -3*b. What is the tens digit of b?
5
Let c = -10 - -12. Suppose 66 = c*x + 2*u, 2*u + 37 = x + 10. What is the tens digit of x?
3
Suppose 0 = 5*b + 5*c, 6 = -2*c - c. Let o = b + 2. Suppose o*q = -q + 95. What is the units digit of q?
9
Let h be 1/(((-4)/(-7))/(-4)). Let n(m) = m**2 + 4*m - 10. Let j be n(h). Suppose -f = -3*g + j, f - 3 = -f + g. What is the units digit of f?
4
Let n(k) be the second derivative of -k**6/120 + k**4/8 + k**3/6 + 3*k**2/2 + k. Let c(y) be the first derivative of n(y). What is the units digit of c(-2)?
3
Let p(a) = -22*a + 1. Let u be p(1). Let x = -10 - u. What is the units digit of x?
1
Let q(n) = 2*n**2 - 19*n + 5. Let v be q(13). Suppose -v = -3*m + c - 3*c, 0 = 5*m - c - 147. What is the units digit of m?
0
Let b = -4 - 0. Let y(v) = -5*v + 1. Let o(a) = a. Let j(h) = 4*o(h) + y(h). What is the units digit of j(b)?
5
Let d(n) = -5 - n**3 - 2*n + 5*n**2 + 0*n + 8*n + 4. Let o be d(6). What is the units digit of 2 + -1 + (-10)/o?
1
Let b = -92 - -161. What is the tens digit of b?
6
Suppose 22 - 1 = 3*n. Suppose -4*b + 5*t = -n, -4*b + 3*b - 4*t + 28 = 0. What is the units digit of b?
8
Suppose 3*p - l - 14 = 9, -5*p - 3*l + 57 = 0. Let n(j) = j**3 - 10*j**2 + 12*j - 13. What is the units digit of n(p)?
4
Let h = -16 + 24. What is the units digit of h?
8
Suppose g = -0*g + 25. Suppose -5 = -3*z + g. What is the tens digit of z?
1
Let l(o) = 2*o + 24. What is the tens digit of l(0)?
2
Let g(b) = -b**3 + 3*b**2 + 8. What is the tens digit of g(-3)?
6
Let o(m) = m**2 + 4*m + 1. Let t(l) = l - 1. Let y be t(3). Let c be 4/6*(-4 - y). What is the units digit of o(c)?
1
Let b = -16 - -19. What is the units digit of b?
3
Let h(d) = -d - 5. Suppose 0 = 5*i - 2*i. Let y be h(i). Let w = 7 - y. What is the tens digit of w?
1
Let t(j) = j**3 + 8*j**2 - 2*j - 11. Let u be t(-8). Suppose 31 = l + u*w, l = 4*w - 1 + 5. What is the units digit of l?
6
Suppose 0 = 4*u + 4*u - 1216. What is the units digit of u?
2
Let j(h) = -9*h**2 - 12*h - 2. Let l(o) = 8*o**2 + 11*o + 2. Let y(r) = 6*j(r) + 7*l(r). What is the tens digit of y(-4)?
1
Let j(q) = 15*q. Let z be j(-1). What is the units digit of 2/(-1 + z/(-13))?
3
Let k(c) = 9*c**2 + 9*c - 4. What is the hundreds digit of k(5)?
2
Suppose 4*h + 2*j - 166 = -0*h, -3*h = j - 126. What is the units digit of h?
3
Let f be (10/25*3)/((-2)/10). Let o = 0 - 18. Let a = f - o. What is the units digit of a?
2
Suppose 2*d - 8 = -4*t - 0, t - 2 = -d. Suppose -3*y = -t*p - 76, -2*y = -0*y + 2*p - 34. What is the tens digit of y?
2
Suppose -u + 70 + 8 = 2*a, a + 5*u = 39. What is the units digit of a?
9
Let o = 14 + -11. Let v(s) = s**3 - s**2 + s. What is the tens digit of v(o)?
2
Suppose 0*a + 11 = a. What is the tens digit of a?
1
Suppose -5*h - 5*l = -0*h - 65, -5*l + 5 = 0. Suppose -k - 2*k + h = 0. What is the units digit of (k + -3)*(-1 + 10)?
9
Let c be (-8)/(-1*(2 - 0)). Let f be 5/2 + c/8. Suppose -4 = -g + y - f, 0 = y - 2. What is the units digit of g?
3
Suppose 5*s = -3*v - 10, 0 - 6 = 3*s. Suppose 0 = -3*g - v*g + 45. What is the units digit of g?
5
Let m(o) = -o**3 + 4*o**2 + 5*o + 4. Let k(t) = t**3 + 4*t**2 + t - 1. Suppose -2*p + 0*p = 4. Let u be k(p). What is the units digit of m(u)?
4
Suppose 2*h - 433 = -a, -2*h = -4*a - 7*h + 1741. What is the units digit of a?
9
Suppose 0*w + 3*w + 61 = 5*y, 6 = 2*w. Suppose y = 4*b - 10. What is the units digit of b?
6
Let j(v) be the second derivative of -19*v**3/6 + 3*v**2 + 2*v. Let s(y) = -9*y + 3. Let r(p) = 2*j(p) - 5*s(p). What is the units digit of r(3)?
8
Suppose 0*j = 4*j + x + 5, 0 = 2*j + 4*x - 8. What is the units digit of 11 - -2 - (-6)/j?
0
Let q(j) = -j**2 + 6*j + 3. Let o be q(6). Suppose 56 = -l + o*l. Suppose -5*v + v = -l. What is the units digit of v?
7
Let b = -441 - -663. What is the hundreds digit of b?
2
Suppose 4*u - 128 - 280 = 0. What is the hundreds digit of u?
1
Let j be (-6)/(1 - (-2)/(-8)). What is the tens digit of (-44)/j*4 - 3?
1
Suppose -3*w = -6*h + 5*h + 1